-3. Suppose 0 = 5*a - i - 521, -4*i - 404 = a - l*a. Suppose 1064 = 33*t - 322. What is the greatest common divisor of t and a?
21
Let m(o) = 3*o - 7. Let a be m(7). Let y = 14 + a. Suppose 8*s = -y + 108. What is the greatest common factor of 10 and s?
10
Suppose -4*v - 36 = 3*c, -14 = -5*c + 6. Let j be v/(-30) - -2*1796/20. What is the highest common divisor of 4 and j?
4
Let y(p) = 2*p**3 - 4*p**2 - 2*p + 2. Let s be y(3). Suppose 22206 + 39005 = 317*r - 12016. Calculate the greatest common divisor of r and s.
7
Let u = 1448 - 300. Calculate the greatest common divisor of u and 84.
28
Suppose -614880 = -105*r - 139*r. What is the highest common factor of r and 156?
12
Let l be 0/3*(-1)/(-2). Suppose n + l*n = 2*w - 754, 0 = -w + 2*n + 380. What is the highest common divisor of w and 47?
47
Suppose -5*p - 4*y - 1149 = 0, -10*y + 14*y - 1141 = 5*p. Let u = p + 257. What is the greatest common factor of u and 14?
14
Suppose 5*u + 4*o = -965, 3*u + 647 = -3*o + 65. Let p = u + 99. Let g be p/(-27)*(-15)/(-1). What is the greatest common divisor of g and 550?
50
Let d(g) = 537*g - 3216. Let u be d(6). What is the highest common factor of u and 482?
2
Let v(j) be the second derivative of -j**3/3 + 3*j**2 + 31*j. Let x be (-10)/20 - 6/(-4). Let n be v(x). What is the greatest common divisor of n and 44?
4
Suppose -5*t - 25 = -o + 6*o, 5*o - 5*t - 5 = 0. Let u(n) = -29*n - 4. Let d be u(o). Let w = -44 + d. What is the greatest common factor of 5 and w?
5
Suppose -19 = -2*q + 65. Suppose -23*j + 368 = -115. Calculate the greatest common divisor of q and j.
21
Let q = 280 - 678. Let p = q + 698. Calculate the highest common factor of 120 and p.
60
Let n be ((-810)/1040*-14 + 4/(-26))*72. Calculate the greatest common divisor of n and 22.
2
Suppose 0 = -5*r - 4*k + 148, -204*k - 55 = -2*r - 207*k. What is the highest common factor of 176 and r?
16
Suppose -90 + 32 = -2*b. Let q = 1771 - 1225. Suppose 0 = 23*t - 4123 - q. Calculate the highest common factor of b and t.
29
Suppose -3*n - 298 = -1237. Let x = n + -221. What is the greatest common factor of x and 46?
46
Let l(q) = -q**3 + 12*q**2 - 23*q + 38. Let b be l(10). Suppose 4*v + 2*v - 336 = 0. What is the highest common divisor of v and b?
8
Let y be (4/9)/(5/2385). Calculate the highest common factor of 4 and y.
4
Suppose -2*b + 82743 - 28949 = 0. Calculate the highest common divisor of 13 and b.
13
Suppose -1 = h - 2*d, 3*d - d = -10. Let z = h + 17. Suppose 0 = z*o + 4*o - 780. What is the greatest common divisor of 52 and o?
26
Let n = 15745 + -14107. What is the greatest common divisor of n and 36?
18
Suppose -2*z = 2*c + 4, -3*z + z - 3*c - 7 = 0. Let l be (-1)/(4*z/644). Let w = -143 - l. Calculate the highest common divisor of 2 and w.
2
Suppose -3*o + 7782 = 6*o - 543. What is the greatest common factor of o and 703?
37
Let u = -71 - -221. Let x(g) = 11*g**2 - 706*g + 825. Let y be x(63). What is the highest common factor of u and y?
6
Let n = 16044 - 15702. Calculate the highest common divisor of 21 and n.
3
Suppose 53*q - 83*q + 9750 = 0. Calculate the highest common factor of 13 and q.
13
Suppose 2*l + 5*n - 60 = 7*l, -2*n - 88 = 5*l. Let p = 91 + l. Calculate the highest common factor of 30 and p.
15
Let k(l) = -348*l + 531. Let p be k(1). Calculate the highest common factor of p and 12.
3
Let f(a) = 3*a**2 + 80*a - 33. Let q be f(-27). Let m be ((-22)/q)/((-5)/(-15)). Calculate the greatest common divisor of m and 594.
11
Let m = 2294 + -2266. What is the highest common divisor of m and 3500?
28
Suppose 0 = 5*c + 2*t - 2516, -5*t + 471 = 23*c - 22*c. Calculate the highest common factor of c and 66.
22
Let u be (-6640)/(-25) + 12/(-20). Suppose -76 = z - u. Let a(t) = t + 20. Let f be a(7). Calculate the greatest common factor of z and f.
27
Let t(d) = d**2 + d - 4. Let w be t(2). Suppose 88 - 216 = 2*n + 2*u, 329 = -5*n - w*u. Let z = n - -111. Calculate the greatest common factor of 110 and z.
22
Let y(g) = -g**3 - 6*g**2 - 3*g. Let b be y(-7). Let d(s) = -168*s - 798. Let r be d(-5). What is the greatest common divisor of r and b?
14
Suppose 2*p - 12 = -p. Let q be (82348/105)/(-2) + 4/30. Let b = -389 - q. Calculate the highest common divisor of b and p.
1
Suppose 3 = 2*m - 1. Suppose 0 = -13*r - 87 - 35 + 187. Suppose -5*y + 257 = r*l - 6*l, -100 = -m*y - l. What is the greatest common divisor of 34 and y?
17
Let u be 90/6*(4 + (-174)/30). Let f be 18/u - (-276)/9. What is the highest common factor of f and 435?
15
Let h(b) = 3*b + 80. Let l be h(-21). Suppose -24*p - 20 = -28*p, -2*q = -p - 437. What is the highest common factor of q and l?
17
Suppose -2*c = -c. Suppose -6 = -5*k + 14, -5*z + 4*k + 1244 = c. Suppose 2*l - 5*t = l + 8, l = 2*t + 20. Calculate the greatest common factor of l and z.
28
Let w = 6403 + -6326. Calculate the greatest common divisor of 287 and w.
7
Let x be (0 - 2*-1)/(-22*(-15)/197835). What is the highest common divisor of x and 218?
109
Suppose -131 = -4*r + 229. Let z = -166 + 183. Let v be (z/17)/(-2*1/(-72)). Calculate the greatest common factor of v and r.
18
Suppose -5*t = -k - 2, -4*t + 1 = -5*k + 4*k. Let g(y) = 30*y**2 - 1. Let b be g(t). Calculate the greatest common factor of b and 1.
1
Let d(h) = 9*h**2 + 108*h + 235. Let u be d(-10). Calculate the highest common divisor of u and 680.
5
Let v be (-2)/5 + (-2576)/(-40). Let f = v - 36. Let p(z) = -z**2 + 37*z - 146. Let k be p(32). Calculate the greatest common factor of k and f.
14
Suppose -42*y = 87*y + 4*y - 551684. Calculate the highest common factor of 1952 and y.
244
Let b(z) = -30*z**3 - 477*z**2 + 49*z + 22. Let d be b(-16). Calculate the greatest common divisor of 36 and d.
6
Suppose 0 = -2*f + n + 80, 4*f = f - n + 125. Let t = f - 37. Let m(q) = q**2 + 3*q - 10. Let c be m(t). What is the highest common divisor of c and 36?
18
Suppose i + 10 = 5*s, -8*s + 11*s = -2*i + 19. Suppose -s*b - 156 = -3*v, -4*v - 8*b + 229 = -5*b. What is the highest common factor of v and 77?
11
Let u(i) = i**2 - 5*i - 30. Suppose 3*x - 38 = 6*j - 5*j, -5*x + 45 = 2*j. Let p be u(x). What is the greatest common divisor of p and 36?
36
Let d(q) = -3*q - 109. Let r be d(-46). Suppose -g - 4*a + 99 = -r, g - 2*a = 122. Let n be (-2 - -3)/(-1)*-31. What is the greatest common factor of n and g?
31
Suppose 0 = -14*v + 285 + 499. Let a be (18/(-8))/((-21)/v). Let j be (a/(-2) + -4)/(3 + -4). Calculate the highest common factor of j and 91.
7
Let p be ((-23)/4)/(93/(-76632)). What is the greatest common divisor of 412 and p?
206
Let n(l) = -28*l + 10. Let h be n(-2). Let o be (-7)/(14/(-8)) - -18. Suppose 5*t - 6*t + o = 0. What is the highest common factor of h and t?
22
Let i be 902/16 - 6/16. Let j be i/(10/6 + 15/45). Calculate the highest common factor of j and 182.
14
Let h(l) = 2*l**2 - 4*l + 22. Let s be h(0). Let m = -314 + 732. What is the highest common factor of m and s?
22
Let v(i) = i**3 - 16*i**2 + 25*i - 137. Let d be v(15). Suppose c - 73 = -d. What is the highest common divisor of c and 156?
12
Suppose 0 = -10*z - 322 + 3172. Suppose 5*a + 5*g - 275 = 0, 5*a + 11*g = 12*g + 287. Calculate the highest common factor of a and z.
57
Let w(i) be the third derivative of -7*i**4/24 - i**3 - 2*i**2. Let q be w(-4). Suppose -14*h = -q*h + 80. What is the highest common divisor of 110 and h?
10
Let v(p) = -2*p**3 + 11*p**2 + 20*p - 15. Let a be v(6). Calculate the greatest common divisor of 5175 and a.
69
Let q be ((-2121)/(-303))/((-1)/(-130)). Calculate the greatest common divisor of 280 and q.
70
Let y be 34 + ((-1)/2)/(6/12). Let b be 6/y - -502*(-4)/(-88). Suppose 11 = w - b. Calculate the highest common factor of 306 and w.
34
Suppose 14*k - 29*k - 1836 = -51*k. What is the greatest common factor of k and 13107?
51
Let k(g) = 4*g**2 + 18*g - 315. Let o be k(-12). What is the greatest common divisor of o and 2025?
45
Let u(v) = -2*v**3 - 4*v**2 - 4. Let r be u(-4). Let q(h) = -h + 30. Let f be 1*(-27)/6*4/(-3). Let w be q(f). Calculate the greatest common divisor of w and r.
12
Let i(j) = 460*j + 3695. Let t be i(-8). What is the highest common factor of t and 489?
3
Let t be (-80)/6*3885/(-518). Calculate the highest common factor of t and 36.
4
Let r(i) = -15*i - 112. Let g be r(-22). 